 + 4*q = -175962, q = -5*z + 439927. Is z composite?
True
Let n = -8030 + 11519. Suppose 3*t = -5*a + 19180, 5*t - 22669 = -5*a - n. Suppose 8*m - a = 29772. Is m a composite number?
False
Suppose -455 = y - 1907. Let c = -170 + y. Is c a composite number?
True
Let o = 1310332 + -775419. Is o prime?
True
Suppose -3400472 - 10681838 = -110*h. Is h composite?
False
Let a(z) = 120*z**2 - 7*z + 325. Is a(18) composite?
False
Let m be ((-2)/(-16) - (-217)/56) + 2. Let v be (-11316)/8*m/(-9). Let h = v + -152. Is h prime?
False
Is (191942/(-14))/((-67)/2345) composite?
True
Let g(y) = -4*y + 22. Let r be g(-8). Is 2/(r/279957) + (-22)/(-99) a prime number?
True
Suppose 2*j - 2*c = 1006, -4*c - 519 = -j + c. Suppose -15*d + 2088 + 1608 = 816. Let w = j - d. Is w a prime number?
True
Let n(t) = 59*t**2 + 40*t - 47. Suppose -5*v + 51 + 35 = 4*i, -3*i = v - 26. Is n(v) composite?
True
Let y = -89567 - -131010. Is y a prime number?
True
Suppose 14*s - 7039 = 4007. Suppose 783*l + 106158 = s*l. Is l a composite number?
True
Let i(x) = -24823*x - 1. Let w be i(-2). Suppose 6*o - 11*o + w = 0. Let p = o - 6463. Is p composite?
True
Let g(n) = n**3 - 15*n**2 - 14*n - 29. Let q be g(16). Let i(p) = 1520*p - 71. Is i(q) a prime number?
False
Let c(a) = 8*a**3 - 10*a**2 - 10*a + 66. Let q be (6 - -43)/7 - (-2 - -1). Is c(q) a composite number?
True
Let n = -118 - -121. Suppose 4012 = 5*h - h + 2*k, n*h + 2*k = 3009. Is h prime?
False
Let g = 171216 - -71335. Is g a composite number?
False
Suppose -3*r - 4*v + 42357 = 0, 10*v = 8*v - 6. Is r a composite number?
True
Is ((-140)/(-63) + 2/(-9))*184241/2 a prime number?
True
Suppose -805421 = -4*j + 5*v - 23117, -5*v - 977885 = -5*j. Is j a prime number?
True
Is 26287535/93 + 2/(-3) - 0/(-6) a prime number?
True
Suppose 44 - 65 = -7*h. Suppose z = -2*z + 3*y + 13374, z + 5*y = 4446. Suppose 0 = 3*k - 2*w - h*w - z, k = 2*w + 1487. Is k a prime number?
False
Let z be (-40)/(60/(-18) - -4). Let w be (-15)/z + 3/4 + 3. Suppose -3*f = f + w*n - 924, 5*f - 1195 = 5*n. Is f composite?
True
Let t(b) = 3*b - 1479. Let i(f) = -3*f + 1478. Let k(o) = -4*i(o) - 3*t(o). Let q be k(0). Is (q/(-10) + 4)*2 a prime number?
False
Suppose 0 = 8*y + 5016 + 4632. Let l = y - -2617. Is l prime?
False
Let d = 47 + -43. Suppose -8 = -4*m + d. Suppose -m*j + 3*r = -1082 - 325, 0 = 3*j + 3*r - 1407. Is j prime?
False
Suppose 0 = -h - 1, s + 8*h = 12*h + 90165. Is s a composite number?
True
Let w(h) = 104*h**2 - 16*h - 37. Is w(-10) a prime number?
False
Suppose -15 = 5*l, 3*x + 0*l = -4*l + 24. Is 5481/x + 2/8 prime?
True
Let q(m) = 11*m - 2. Let d be q(2). Suppose -1848 = -4*k + 4*j + 464, -4*j = d. Is k a prime number?
False
Let u be 44446/12 - (329/42 + -8). Suppose -14*b - u = -47986. Is b a composite number?
False
Suppose 0 = -176*y - 190*y + 551866325 - 29017391. Is y composite?
True
Suppose 39*n = 35*n + 448. Let c = n - 84. Suppose c*m - 1924 = 24*m. Is m composite?
True
Suppose 0 = 818*s - 815*s - 114843. Is s prime?
True
Suppose u - 26*y - 16584 = -25*y, -u - 3*y + 16564 = 0. Is u prime?
False
Let i = 20279 + -12588. Is i prime?
True
Let s(t) = 6*t + 15 - 12 + 23 - 4*t. Let q be s(-19). Is (-30942)/q + 1/2 a composite number?
False
Let k(j) = -2*j**3 - 80*j**2 - 119*j + 796. Is k(-59) a prime number?
False
Let d(q) be the second derivative of -109*q**3/3 - 171*q**2/2 - 7*q + 7. Is d(-34) a prime number?
False
Suppose -2*q = -2*i + 1242, -11 = 2*q - 3. Suppose 0 = 4*j - 2*z - 1396 + 142, 2*j + z = i. Is j prime?
True
Suppose -h + 0*h + 68703 = 2*h. Is h a prime number?
True
Let h = 28 - 32. Let g be 2 - (h - -3 - -536). Is 3/((-3)/4) - g a prime number?
False
Suppose 8*d - 1465 = 7*d. Let j = d + -813. Suppose 61*t + j = 65*t. Is t composite?
False
Let g(n) = -n**3 + 23*n**2 + 95*n - 73. Is g(-30) a prime number?
True
Suppose 4*r + 67847 = 5*r + s, r + 3*s = 67859. Is r composite?
True
Suppose -34*x - 59690 = -44*x. Is x a composite number?
True
Let v = 10228 - 4021. Suppose -2117 = 10*w - v. Is w a prime number?
True
Let l(j) = -j**3 + 73*j**2 + 24*j - 619. Is l(54) prime?
True
Is 539775 + (-15 + 70/7 - -1*13) composite?
False
Let p be (8/(-20))/((-1)/(-35)). Let f(z) = 59*z + 59. Let d(g) = 2*g + 2. Let n(b) = 6*d(b) - f(b). Is n(p) a composite number?
True
Let q(x) = x**2 - 20*x - 66. Let k = -24 - -47. Let v be q(k). Suppose -v*h + 386 = 2*z, -z = -4*z - 3*h + 573. Is z prime?
False
Let u(t) = -4380*t - 187. Let l(x) = -4381*x - 188. Let j(o) = -6*l(o) + 5*u(o). Is j(16) a composite number?
True
Let w = -148 + 152. Suppose -3*b + 2*y = y - 4409, -b - w*y + 1487 = 0. Is b a prime number?
True
Let x be (-2 - -5)*(-4)/(-3). Suppose 4*o + l - 186 = -l, l - 189 = -x*o. Suppose -46*v - 3642 = -o*v. Is v prime?
False
Let m = 8423 - -10962. Suppose 12711 = 32*s - m. Is s a composite number?
True
Suppose 2*t + 2*t = -5*f + 35, -3*f - 11 = -4*t. Is 0/(t - 4) - -467 composite?
False
Let n be (-3)/6 - 13*6/12. Is n + -1 + (41422 - 33) a composite number?
False
Suppose k - 20 = 5*p, 4*p - 2*k - 8 = -6*k. Let t(s) = s**2 + s. Let q(a) = -7*a**2 - 10*a - 3. Let c(y) = -q(y) - 5*t(y). Is c(p) prime?
False
Let c = 25 - 73. Suppose -v = -k - 127, -139 = 2*v - 3*v - 5*k. Let u = v - c. Is u a prime number?
False
Suppose 0 = 7*l - 2*l + 230. Let a = l - -42. Is (-6 + -217)*(a + 1) composite?
True
Suppose 2*q - 4*q = 2. Let k be 2/(-10) - q/(10/(-15308)). Let z = -794 - k. Is z prime?
False
Let q(z) = -3*z**3 - 4*z**2 - 4*z - 1. Let t be q(-2). Is (-727532)/(-32) + t/(-40) prime?
False
Let a = 9823 + 267. Suppose 23*m + a = 33*m. Is m a prime number?
True
Let m(l) = -l**3 + 2*l**2 + 4*l - 6. Let c be m(4). Is 25599/11 - -2 - (-4)/c prime?
False
Let p = -60308 - -91177. Is p prime?
True
Suppose 0 = -14*i + 9*i. Suppose -2*l - n + 11 = i, -4*l - 1 = -5*n - 2. Is (-22)/l*(-60 + -26) a composite number?
True
Let u(w) = w + 26. Let d be u(-22). Suppose -d*r - 17*r = -223881. Is r a composite number?
True
Is -1 - (21 - (-961086)/(-14)) a composite number?
True
Suppose -3*x - 2*r = x - 26166, 0 = -x - r + 6544. Let k = x - 2874. Is k prime?
False
Let c(h) = 1429*h - 321. Is c(88) a composite number?
True
Let i = 341 - -1848. Suppose -z - 6 = -i. Is z a prime number?
False
Let k = 17 - 13. Suppose -2*n + 6750 = k*n. Let m = 1846 - n. Is m prime?
False
Suppose -t + 28 + 15 = 0. Suppose -46*s + t*s = -11379. Is s a composite number?
False
Suppose 0 = 2*o - 5*o + 156. Let l = 32 - o. Is (-356)/(-3) + (-3 - l/6) a prime number?
False
Let q = 250 - 253. Is (q - 0) + (30 - 25) - -2249 a composite number?
False
Let b(x) = -x**2 - 6*x - 4. Let j be b(-6). Let m be (-13 + 1 + -72)*31. Is 2 - m - (1 + j) composite?
False
Suppose 0 = 2*f + 4*f - 318. Let j be f/5 + ((-24)/(-10))/6. Is -3 + ((-32018)/(-77) - (-2)/j) a composite number?
True
Suppose 0 = -66*l + 17302292 + 2972789 + 9814385. Is l a prime number?
False
Let r = 6405 + 36712. Is r a composite number?
False
Suppose -3*m - 87932 = -x, -15*x = -21*x + 4*m + 527550. Is x composite?
True
Suppose 2*b = o - 11, 4*o - 54 = -5*b + 8*b. Suppose 2*h - 23582 = 4*i, -13*h - 5*i = -o*h + 23583. Is h a prime number?
True
Let u(x) = x**2 - 9*x + 182321. Is u(0) a composite number?
True
Let k(r) = 75*r**2 + 17*r - 7. Suppose a = -5*u + 2*a + 31, -u = 2*a - 15. Is k(u) a prime number?
False
Let j = 6692 - -45905. Is j a prime number?
False
Let l = 91 + -88. Is 4396/(-8)*2*(2 - l) prime?
False
Let d = -17907 - -11831. Let i = 8798 + d. Is i a composite number?
True
Let m be ((-8)/(-6))/(14/(-21)) - -2. Suppose m = -7*t + 181 + 428. Is t a composite number?
True
Let u = -748 + 10446. Let q = -4232 + u. Let d = q + -2677. Is d prime?
True
Suppose -18*t + 32931 = -22419. Let u = 1669 + 129. Let q = t - u. Is q composite?
False
Let j(w) = -1038*w - 59. Is j(-1) a prime number?
False
Let v(u) = 390*u**2 + 2*u + 6. Let i(p) = -33*p**2 - 4*p - 7 - 249*p**2 + p - 108*p**2. Let t(j) = 5*i(j) + 6*v(j). Is t(2) a composite number?
True
Let f(u) = 19*u**3 - 6*u**2 - 7*u + 21. Let x be f(6). Let r = 6004 - x. Is r composite?
False
Let w(r) = 5*r**2 - 205*r**3 + r + 3*r**2 + 5*r + 24 - 21. Is w(-2) a prime number?
True
Suppose 0 = -v - 3*b + 4916, -5*v + 0*b + 24624 = 4*b. Let o = v + -2959. Is o a composite number?
True
Let d(q) = 